{"id":4507,"date":"2022-06-22T17:03:58","date_gmt":"2022-06-22T22:03:58","guid":{"rendered":"https:\/\/www.insumosambientales.com\/?page_id=4507"},"modified":"2025-06-21T11:53:36","modified_gmt":"2025-06-21T16:53:36","slug":"pozos-septicos","status":"publish","type":"page","link":"https:\/\/www.insumosambientales.com\/pozos-septicos\/","title":{"rendered":"Pozos s\u00e9pticos"},"content":{"rendered":"<p>[vc_row css=&#8221;.vc_custom_1655921723847{padding-top: 7% !important;}&#8221;][vc_column][vc_row_inner][vc_column_inner][vc_custom_heading text=&#8221;Pozos s\u00e9pticos&#8221; font_container=&#8221;tag:h2|font_size:2.125rem|text_align:center|color:%23100c82|line_height:1&#8243; use_theme_fonts=&#8221;yes&#8221; el_class=&#8221;mb-2&#8243;][vc_custom_heading text=&#8221;Insumos Ambientales&#8221; font_container=&#8221;tag:h5|font_size:1rem|text_align:center|color:%2300b146|line_height:1.2&#8243; use_theme_fonts=&#8221;yes&#8221; font_weight=&#8221;600&#8243; letter_spacing=&#8221;-.025em&#8221; el_class=&#8221;m-b-md pb-4&#8243; css=&#8221;.vc_custom_1655933813228{border-bottom-width: 1px !important;border-bottom-color: #e7e7e7 !important;border-bottom-style: solid !important;}&#8221;][vc_media_grid element_width=&#8221;2&#8243; grid_id=&#8221;vc_gid:1750524763675-936f765c-acfc-2&#8243; include=&#8221;4508,4510,4511,4513,4514,4516,4518,4519,4524,4525,4526,4710,4711,4712,4713,4714,4715&#8243;][\/vc_column_inner][\/vc_row_inner][\/vc_column][\/vc_row][vc_row][vc_column][vc_column_text]<\/p>\n<p>[\/vc_column_text][\/vc_column][\/vc_row][vc_row css=&#8221;.vc_custom_1655921723847{padding-top: 7% !important;}&#8221;][vc_column][vc_row_inner][vc_column_inner][vc_custom_heading text=&#8221;Saneamiento B\u00e1sico&#8221; font_container=&#8221;tag:h2|font_size:2.125rem|text_align:left|color:%23100c82|line_height:1&#8243; use_theme_fonts=&#8221;yes&#8221; el_class=&#8221;mb-2&#8243;][vc_custom_heading text=&#8221;Son un conjunto de actividades relacionadas con el mejoramiento de las condiciones b\u00e1sicas ambientales que afectan la salud: suministro de agua, disposici\u00f3n de desechos humanos y animales, y condiciones de alojamiento, todo lo cual concierne a la calidad del ambiente humano.<\/p>\n<p>A nivel industrial y del hogar nos encontramos con m\u00faltiples componentes que pueden ocasionar malos olores:&#8221; font_container=&#8221;tag:h5|font_size:1rem|text_align:justify|color:%2300b146|line_height:1.2&#8243; use_theme_fonts=&#8221;yes&#8221; font_weight=&#8221;600&#8243; letter_spacing=&#8221;-.025em&#8221; el_class=&#8221;m-b-md pb-4&#8243; css=&#8221;.vc_custom_1655929961271{border-bottom-width: 1px !important;border-bottom-color: #e7e7e7 !important;border-bottom-style: solid !important;}&#8221;][\/vc_column_inner][\/vc_row_inner][vc_row_inner content_placement=&#8221;middle&#8221;][vc_column_inner width=&#8221;1\/2&#8243;][vc_column_text]En nuestro pa\u00eds se ha podido observar que un gran porcentaje del sector rural en los diferentes municipios se encuentran con la gran problem\u00e1tica de no contar con sistemas de abastecimiento de agua potable al igual que la gran contaminaci\u00f3n de las fuentes h\u00eddricas debido a que en estas recaen los vertimiento inadecuados (aguas residuales de las comunidades), por falta de alcantarillados, esto se ve reflejado en la gran cantidad de enfermedades que recaen especialmente en la poblaci\u00f3n infantil.<\/p>\n<p>En los \u00faltimos a\u00f1os INSUMOS AMBIENTALES S.A.S., ha venido desarrollando con alcald\u00edas municipales, juntas de acci\u00f3n comunal y otros entes territoriales, al igual que con particulares, proyectos de SANEAMIENTO B\u00c1SICO que ayuden a comunidades enteras a mejoras las condiciones de salubridad, mejorando as\u00ed la calidad de vida.<br \/>\n[\/vc_column_text][\/vc_column_inner][vc_column_inner width=&#8221;1\/2&#8243;][vc_single_image image=&#8221;4430&#8243; img_size=&#8221;full&#8221;][\/vc_column_inner][\/vc_row_inner][vc_separator color=&#8221;custom&#8221; accent_color=&#8221;rgba(51,51,51,0.13)&#8221; css=&#8221;.vc_custom_1655922145862{margin-top: 40px !important;margin-bottom: 70px !important;}&#8221;][vc_row_inner content_placement=&#8221;middle&#8221;][vc_column_inner width=&#8221;1\/2&#8243;][vc_custom_heading text=&#8221;Insumos Ambientales ofrece&#8221; font_container=&#8221;tag:h2|font_size:1.2rem|text_align:left|color:%23100c82|line_height:1&#8243; use_theme_fonts=&#8221;yes&#8221; el_class=&#8221;mb-2&#8243;][vc_column_text]Todo un plan de Saneamiento B\u00e1sico en lo relacionado con:<br \/>\n[\/vc_column_text]<style>#porto-info-list152550790069d0348b8f988 i { color: #100c82;font-size: 20px; }<\/style><ul id=\"porto-info-list152550790069d0348b8f988\" class=\"porto-info-list \"><li class=\"porto-info-list-item\"><i class=\"porto-info-icon fas fa-chevron-circle-right\"><\/i><div class=\"porto-info-list-item-desc\">Mantenimiento de Sistemas S\u00e9pticos<br \/>\n<\/div><\/li><li class=\"porto-info-list-item\"><i class=\"porto-info-icon fas fa-chevron-circle-right\"><\/i><div class=\"porto-info-list-item-desc\">Sistemas S\u00e9pticos (tanques en pl\u00e1stico y fibra de vidrio)<br \/>\n<\/div><\/li><li class=\"porto-info-list-item\"><i class=\"porto-info-icon fas fa-chevron-circle-right\"><\/i><div class=\"porto-info-list-item-desc\">Instalaci\u00f3n del sistema (mano de obra)<br \/>\n<\/div><\/li><li class=\"porto-info-list-item\"><i class=\"porto-info-icon fas fa-chevron-circle-right\"><\/i><div class=\"porto-info-list-item-desc\">Concientizaci\u00f3n a las comunidades sobre el cuidado y la preservaci\u00f3n de las fuentes h\u00eddricas.<br \/>\n<\/div><\/li><li class=\"porto-info-list-item\"><i class=\"porto-info-icon fas fa-chevron-circle-right\"><\/i><div class=\"porto-info-list-item-desc\">Reforestaci\u00f3n (siembra de arboles)<br \/>\n<\/div><\/li><li class=\"porto-info-list-item\"><i class=\"porto-info-icon fas fa-chevron-circle-right\"><\/i><div class=\"porto-info-list-item-desc\">Cercamiento de los yacimiento de agua<br \/>\n<\/div><\/li><li class=\"porto-info-list-item\"><i class=\"porto-info-icon fas fa-chevron-circle-right\"><\/i><div class=\"porto-info-list-item-desc\">Tratamiento Biol\u00f3gico para el manejo del Sistema S\u00e9ptico.<br \/>\n<\/div><\/li><li class=\"porto-info-list-item\"><i class=\"porto-info-icon fas fa-chevron-circle-right\"><\/i><div class=\"porto-info-list-item-desc\">Asesor\u00eda t\u00e9cnica<br \/>\n<\/div><\/li><\/ul>[\/vc_column_inner][vc_column_inner width=&#8221;1\/2&#8243;][vc_media_grid element_width=&#8221;6&#8243; grid_id=&#8221;vc_gid:1750524763784-e129107d-5adc-7&#8243; include=&#8221;4434,4435,4436,4437&#8243;][\/vc_column_inner][\/vc_row_inner][vc_separator color=&#8221;custom&#8221; accent_color=&#8221;rgba(51,51,51,0.13)&#8221; css=&#8221;.vc_custom_1655922145862{margin-top: 40px !important;margin-bottom: 70px !important;}&#8221;][vc_row_inner content_placement=&#8221;middle&#8221;][vc_column_inner][vc_custom_heading text=&#8221;Importancia del tratamiento Biol\u00f3gico &#8211; Biocontrol&#8221; font_container=&#8221;tag:h2|font_size:1.2rem|text_align:left|color:%23100c82|line_height:1&#8243; use_theme_fonts=&#8221;yes&#8221; el_class=&#8221;mb-2&#8243;][vc_column_text]Pozos S\u00e9pticos en Medell\u00edn | Venta e Instalaci\u00f3n de Pozos S\u00e9pticos en Medell\u00edn | El tratamiento Biol\u00f3gico es fundamental en los Sistemas S\u00e9pticos, debido a la r\u00e1pida acci\u00f3n y efectividad en eliminar la contaminaci\u00f3n del agua causada por desperdicios org\u00e1nicos y los malos olores que estos producen.<\/p>\n<p>Gran capacidad digestiva de desechos y residuos org\u00e1nicos como grasa, aceites, prote\u00ednas, papel higi\u00e9nico, entre otros.<\/p>\n<p>Mayor resistencia a qu\u00edmicos, cloros y detergentes, incluyendo \u00e1cidos y alcalinos.[\/vc_column_text][\/vc_column_inner][\/vc_row_inner][vc_separator color=&#8221;custom&#8221; accent_color=&#8221;rgba(51,51,51,0.13)&#8221; css=&#8221;.vc_custom_1655922145862{margin-top: 40px !important;margin-bottom: 70px !important;}&#8221;][vc_row_inner content_placement=&#8221;middle&#8221;][vc_column_inner width=&#8221;2\/3&#8243;][vc_custom_heading text=&#8221;Red de servicios y distribuci\u00f3n&#8221; font_container=&#8221;tag:h2|font_size:2.125rem|text_align:left|color:%23100c82|line_height:1&#8243; use_theme_fonts=&#8221;yes&#8221; el_class=&#8221;mb-2&#8243;][vc_column_text]Cubrimos gran parte del territorio Colombiano y pa\u00edses cercanos, con una red de distribuci\u00f3n r\u00e1pida y segura. Creemos en el crecimiento de nuestras comunidades<\/p>\n<p><strong>LLAMENOS ESTAMOS SEGUROS DE SER SU MEJOR OPCI\u00d3N!<\/strong><br \/>\n[\/vc_column_text][\/vc_column_inner][vc_column_inner width=&#8221;1\/3&#8243;][vc_single_image image=&#8221;4445&#8243; img_size=&#8221;full&#8221;][\/vc_column_inner][\/vc_row_inner][\/vc_column][\/vc_row]<\/p>\n","protected":false},"excerpt":{"rendered":"<p>[vc_row css=&#8221;.vc_custom_1655921723847{padding-top: 7% !important;}&#8221;][vc_column][vc_row_inner][vc_column_inner][vc_custom_heading text=&#8221;Pozos s\u00e9pticos&#8221; font_container=&#8221;tag:h2|font_size:2.125rem|text_align:center|color:%23100c82|line_height:1&#8243; use_theme_fonts=&#8221;yes&#8221; el_class=&#8221;mb-2&#8243;][vc_custom_heading text=&#8221;Insumos Ambientales&#8221; font_container=&#8221;tag:h5|font_size:1rem|text_align:center|color:%2300b146|line_height:1.2&#8243; use_theme_fonts=&#8221;yes&#8221; font_weight=&#8221;600&#8243; letter_spacing=&#8221;-.025em&#8221; el_class=&#8221;m-b-md pb-4&#8243; css=&#8221;.vc_custom_1655933813228{border-bottom-width: 1px !important;border-bottom-color: #e7e7e7 !important;border-bottom-style: solid !important;}&#8221;][vc_media_grid element_width=&#8221;2&#8243; grid_id=&#8221;vc_gid:1750524763675-936f765c-acfc-2&#8243; include=&#8221;4508,4510,4511,4513,4514,4516,4518,4519,4524,4525,4526,4710,4711,4712,4713,4714,4715&#8243;][\/vc_column_inner][\/vc_row_inner][\/vc_column][\/vc_row][vc_row][vc_column][vc_column_text] [\/vc_column_text][\/vc_column][\/vc_row][vc_row css=&#8221;.vc_custom_1655921723847{padding-top: 7% !important;}&#8221;][vc_column][vc_row_inner][vc_column_inner][vc_custom_heading text=&#8221;Saneamiento B\u00e1sico&#8221; font_container=&#8221;tag:h2|font_size:2.125rem|text_align:left|color:%23100c82|line_height:1&#8243; use_theme_fonts=&#8221;yes&#8221; el_class=&#8221;mb-2&#8243;][vc_custom_heading text=&#8221;Son un conjunto de actividades relacionadas con el mejoramiento de las condiciones b\u00e1sicas ambientales que afectan la salud: suministro [&hellip;]<\/p>\n","protected":false},"author":1,"featured_media":0,"parent":0,"menu_order":0,"comment_status":"closed","ping_status":"closed","template":"","meta":{"footnotes":""},"class_list":["post-4507","page","type-page","status-publish","hentry"],"yoast_head":"<!-- This site is optimized with the Yoast SEO plugin v27.1.1 - https:\/\/yoast.com\/product\/yoast-seo-wordpress\/ -->\n<title>Pozos s\u00e9pticos | Insumos ambientales<\/title>\n<meta name=\"robots\" content=\"index, follow, max-snippet:-1, max-image-preview:large, max-video-preview:-1\" \/>\n<link rel=\"canonical\" href=\"https:\/\/www.insumosambientales.com\/pozos-septicos\/\" \/>\n<meta property=\"og:locale\" content=\"es_ES\" \/>\n<meta property=\"og:type\" content=\"article\" \/>\n<meta property=\"og:title\" content=\"Pozos s\u00e9pticos | Insumos ambientales\" \/>\n<meta property=\"og:description\" content=\"[vc_row css=&#8221;.vc_custom_1655921723847{padding-top: 7% !important;}&#8221;][vc_column][vc_row_inner][vc_column_inner][vc_custom_heading text=&#8221;Pozos s\u00e9pticos&#8221; font_container=&#8221;tag:h2|font_size:2.125rem|text_align:center|color:%23100c82|line_height:1&#8243; use_theme_fonts=&#8221;yes&#8221; el_class=&#8221;mb-2&#8243;][vc_custom_heading text=&#8221;Insumos Ambientales&#8221; font_container=&#8221;tag:h5|font_size:1rem|text_align:center|color:%2300b146|line_height:1.2&#8243; use_theme_fonts=&#8221;yes&#8221; font_weight=&#8221;600&#8243; letter_spacing=&#8221;-.025em&#8221; el_class=&#8221;m-b-md pb-4&#8243; css=&#8221;.vc_custom_1655933813228{border-bottom-width: 1px !important;border-bottom-color: #e7e7e7 !important;border-bottom-style: solid !important;}&#8221;][vc_media_grid element_width=&#8221;2&#8243; grid_id=&#8221;vc_gid:1750524763675-936f765c-acfc-2&#8243; include=&#8221;4508,4510,4511,4513,4514,4516,4518,4519,4524,4525,4526,4710,4711,4712,4713,4714,4715&#8243;][\/vc_column_inner][\/vc_row_inner][\/vc_column][\/vc_row][vc_row][vc_column][vc_column_text] [\/vc_column_text][\/vc_column][\/vc_row][vc_row css=&#8221;.vc_custom_1655921723847{padding-top: 7% !important;}&#8221;][vc_column][vc_row_inner][vc_column_inner][vc_custom_heading text=&#8221;Saneamiento B\u00e1sico&#8221; font_container=&#8221;tag:h2|font_size:2.125rem|text_align:left|color:%23100c82|line_height:1&#8243; use_theme_fonts=&#8221;yes&#8221; el_class=&#8221;mb-2&#8243;][vc_custom_heading text=&#8221;Son un conjunto de actividades relacionadas con el mejoramiento de las condiciones b\u00e1sicas ambientales que afectan la salud: suministro [&hellip;]\" \/>\n<meta property=\"og:url\" content=\"https:\/\/www.insumosambientales.com\/pozos-septicos\/\" \/>\n<meta property=\"og:site_name\" content=\"Insumos ambientales\" \/>\n<meta property=\"article:publisher\" content=\"https:\/\/es-la.facebook.com\/insumosambientales.limitada\/\" \/>\n<meta property=\"article:modified_time\" content=\"2025-06-21T16:53:36+00:00\" \/>\n<meta property=\"og:image\" content=\"https:\/\/www.insumosambientales.com\/pozos-septicos\/wp-content\/uploads\/2022\/05\/logo.webp\" \/>\n\t<meta property=\"og:image:width\" content=\"352\" \/>\n\t<meta property=\"og:image:height\" content=\"179\" \/>\n\t<meta property=\"og:image:type\" content=\"image\/webp\" \/>\n<meta name=\"twitter:card\" content=\"summary_large_image\" \/>\n<meta name=\"twitter:label1\" content=\"Tiempo de lectura\" \/>\n\t<meta name=\"twitter:data1\" content=\"5 minutos\" \/>\n<script type=\"application\/ld+json\" class=\"yoast-schema-graph\">{\"@context\":\"https:\/\/schema.org\",\"@graph\":[{\"@type\":\"WebPage\",\"@id\":\"https:\/\/www.insumosambientales.com\/pozos-septicos\/\",\"url\":\"https:\/\/www.insumosambientales.com\/pozos-septicos\/\",\"name\":\"Pozos s\u00e9pticos | Insumos ambientales\",\"isPartOf\":{\"@id\":\"https:\/\/www.insumosambientales.com\/pozos-septicos\/#website\"},\"datePublished\":\"2022-06-22T22:03:58+00:00\",\"dateModified\":\"2025-06-21T16:53:36+00:00\",\"breadcrumb\":{\"@id\":\"https:\/\/www.insumosambientales.com\/pozos-septicos\/#breadcrumb\"},\"inLanguage\":\"es-CO\",\"potentialAction\":[{\"@type\":\"ReadAction\",\"target\":[\"https:\/\/www.insumosambientales.com\/pozos-septicos\/\"]}]},{\"@type\":\"BreadcrumbList\",\"@id\":\"https:\/\/www.insumosambientales.com\/pozos-septicos\/#breadcrumb\",\"itemListElement\":[{\"@type\":\"ListItem\",\"position\":1,\"name\":\"Inicio\",\"item\":\"https:\/\/www.insumosambientales.com\/pozos-septicos\/\"},{\"@type\":\"ListItem\",\"position\":2,\"name\":\"Pozos s\u00e9pticos\"}]},{\"@type\":\"WebSite\",\"@id\":\"https:\/\/www.insumosambientales.com\/pozos-septicos\/#website\",\"url\":\"https:\/\/www.insumosambientales.com\/pozos-septicos\/\",\"name\":\"insumosambientales.com\/pozos-septicos\",\"description\":\"Pozos S\u00e9pticos Medell\u00edn\",\"publisher\":{\"@id\":\"https:\/\/www.insumosambientales.com\/pozos-septicos\/#organization\"},\"alternateName\":\"insumos ambientales\",\"potentialAction\":[{\"@type\":\"SearchAction\",\"target\":{\"@type\":\"EntryPoint\",\"urlTemplate\":\"https:\/\/www.insumosambientales.com\/pozos-septicos\/?s={search_term_string}\"},\"query-input\":{\"@type\":\"PropertyValueSpecification\",\"valueRequired\":true,\"valueName\":\"search_term_string\"}}],\"inLanguage\":\"es-CO\"},{\"@type\":\"Organization\",\"@id\":\"https:\/\/www.insumosambientales.com\/pozos-septicos\/#organization\",\"name\":\"Insumos ambientales\",\"url\":\"https:\/\/www.insumosambientales.com\/pozos-septicos\/\",\"logo\":{\"@type\":\"ImageObject\",\"inLanguage\":\"es-CO\",\"@id\":\"https:\/\/www.insumosambientales.com\/pozos-septicos\/#\/schema\/logo\/image\/\",\"url\":\"https:\/\/www.insumosambientales.com\/pozos-septicos\/wp-content\/uploads\/2022\/05\/cropped-logo.webp\",\"contentUrl\":\"https:\/\/www.insumosambientales.com\/pozos-septicos\/wp-content\/uploads\/2022\/05\/cropped-logo.webp\",\"width\":512,\"height\":512,\"caption\":\"Insumos ambientales\"},\"image\":{\"@id\":\"https:\/\/www.insumosambientales.com\/pozos-septicos\/#\/schema\/logo\/image\/\"},\"sameAs\":[\"https:\/\/es-la.facebook.com\/insumosambientales.limitada\/\",\"https:\/\/www.instagram.com\/insumos_ambientales_s.a.s\/?hl=es-la\"]}]}<\/script>\n<!-- \/ Yoast SEO plugin. -->","yoast_head_json":{"title":"Pozos s\u00e9pticos | Insumos ambientales","robots":{"index":"index","follow":"follow","max-snippet":"max-snippet:-1","max-image-preview":"max-image-preview:large","max-video-preview":"max-video-preview:-1"},"canonical":"https:\/\/www.insumosambientales.com\/pozos-septicos\/","og_locale":"es_ES","og_type":"article","og_title":"Pozos s\u00e9pticos | Insumos ambientales","og_description":"[vc_row css=&#8221;.vc_custom_1655921723847{padding-top: 7% !important;}&#8221;][vc_column][vc_row_inner][vc_column_inner][vc_custom_heading text=&#8221;Pozos s\u00e9pticos&#8221; font_container=&#8221;tag:h2|font_size:2.125rem|text_align:center|color:%23100c82|line_height:1&#8243; use_theme_fonts=&#8221;yes&#8221; el_class=&#8221;mb-2&#8243;][vc_custom_heading text=&#8221;Insumos Ambientales&#8221; font_container=&#8221;tag:h5|font_size:1rem|text_align:center|color:%2300b146|line_height:1.2&#8243; use_theme_fonts=&#8221;yes&#8221; font_weight=&#8221;600&#8243; letter_spacing=&#8221;-.025em&#8221; el_class=&#8221;m-b-md pb-4&#8243; css=&#8221;.vc_custom_1655933813228{border-bottom-width: 1px !important;border-bottom-color: #e7e7e7 !important;border-bottom-style: solid !important;}&#8221;][vc_media_grid element_width=&#8221;2&#8243; grid_id=&#8221;vc_gid:1750524763675-936f765c-acfc-2&#8243; include=&#8221;4508,4510,4511,4513,4514,4516,4518,4519,4524,4525,4526,4710,4711,4712,4713,4714,4715&#8243;][\/vc_column_inner][\/vc_row_inner][\/vc_column][\/vc_row][vc_row][vc_column][vc_column_text] [\/vc_column_text][\/vc_column][\/vc_row][vc_row css=&#8221;.vc_custom_1655921723847{padding-top: 7% !important;}&#8221;][vc_column][vc_row_inner][vc_column_inner][vc_custom_heading text=&#8221;Saneamiento B\u00e1sico&#8221; font_container=&#8221;tag:h2|font_size:2.125rem|text_align:left|color:%23100c82|line_height:1&#8243; use_theme_fonts=&#8221;yes&#8221; el_class=&#8221;mb-2&#8243;][vc_custom_heading text=&#8221;Son un conjunto de actividades relacionadas con el mejoramiento de las condiciones b\u00e1sicas ambientales que afectan la salud: suministro [&hellip;]","og_url":"https:\/\/www.insumosambientales.com\/pozos-septicos\/","og_site_name":"Insumos ambientales","article_publisher":"https:\/\/es-la.facebook.com\/insumosambientales.limitada\/","article_modified_time":"2025-06-21T16:53:36+00:00","og_image":[{"width":352,"height":179,"url":"https:\/\/www.insumosambientales.com\/pozos-septicos\/wp-content\/uploads\/2022\/05\/logo.webp","type":"image\/webp"}],"twitter_card":"summary_large_image","twitter_misc":{"Tiempo de lectura":"5 minutos"},"schema":{"@context":"https:\/\/schema.org","@graph":[{"@type":"WebPage","@id":"https:\/\/www.insumosambientales.com\/pozos-septicos\/","url":"https:\/\/www.insumosambientales.com\/pozos-septicos\/","name":"Pozos s\u00e9pticos | Insumos ambientales","isPartOf":{"@id":"https:\/\/www.insumosambientales.com\/pozos-septicos\/#website"},"datePublished":"2022-06-22T22:03:58+00:00","dateModified":"2025-06-21T16:53:36+00:00","breadcrumb":{"@id":"https:\/\/www.insumosambientales.com\/pozos-septicos\/#breadcrumb"},"inLanguage":"es-CO","potentialAction":[{"@type":"ReadAction","target":["https:\/\/www.insumosambientales.com\/pozos-septicos\/"]}]},{"@type":"BreadcrumbList","@id":"https:\/\/www.insumosambientales.com\/pozos-septicos\/#breadcrumb","itemListElement":[{"@type":"ListItem","position":1,"name":"Inicio","item":"https:\/\/www.insumosambientales.com\/pozos-septicos\/"},{"@type":"ListItem","position":2,"name":"Pozos s\u00e9pticos"}]},{"@type":"WebSite","@id":"https:\/\/www.insumosambientales.com\/pozos-septicos\/#website","url":"https:\/\/www.insumosambientales.com\/pozos-septicos\/","name":"insumosambientales.com\/pozos-septicos","description":"Pozos S\u00e9pticos Medell\u00edn","publisher":{"@id":"https:\/\/www.insumosambientales.com\/pozos-septicos\/#organization"},"alternateName":"insumos ambientales","potentialAction":[{"@type":"SearchAction","target":{"@type":"EntryPoint","urlTemplate":"https:\/\/www.insumosambientales.com\/pozos-septicos\/?s={search_term_string}"},"query-input":{"@type":"PropertyValueSpecification","valueRequired":true,"valueName":"search_term_string"}}],"inLanguage":"es-CO"},{"@type":"Organization","@id":"https:\/\/www.insumosambientales.com\/pozos-septicos\/#organization","name":"Insumos ambientales","url":"https:\/\/www.insumosambientales.com\/pozos-septicos\/","logo":{"@type":"ImageObject","inLanguage":"es-CO","@id":"https:\/\/www.insumosambientales.com\/pozos-septicos\/#\/schema\/logo\/image\/","url":"https:\/\/www.insumosambientales.com\/pozos-septicos\/wp-content\/uploads\/2022\/05\/cropped-logo.webp","contentUrl":"https:\/\/www.insumosambientales.com\/pozos-septicos\/wp-content\/uploads\/2022\/05\/cropped-logo.webp","width":512,"height":512,"caption":"Insumos ambientales"},"image":{"@id":"https:\/\/www.insumosambientales.com\/pozos-septicos\/#\/schema\/logo\/image\/"},"sameAs":["https:\/\/es-la.facebook.com\/insumosambientales.limitada\/","https:\/\/www.instagram.com\/insumos_ambientales_s.a.s\/?hl=es-la"]}]}},"_links":{"self":[{"href":"https:\/\/www.insumosambientales.com\/pozos-septicos\/wp-json\/wp\/v2\/pages\/4507","targetHints":{"allow":["GET"]}}],"collection":[{"href":"https:\/\/www.insumosambientales.com\/pozos-septicos\/wp-json\/wp\/v2\/pages"}],"about":[{"href":"https:\/\/www.insumosambientales.com\/pozos-septicos\/wp-json\/wp\/v2\/types\/page"}],"author":[{"embeddable":true,"href":"https:\/\/www.insumosambientales.com\/pozos-septicos\/wp-json\/wp\/v2\/users\/1"}],"replies":[{"embeddable":true,"href":"https:\/\/www.insumosambientales.com\/pozos-septicos\/wp-json\/wp\/v2\/comments?post=4507"}],"version-history":[{"count":1,"href":"https:\/\/www.insumosambientales.com\/pozos-septicos\/wp-json\/wp\/v2\/pages\/4507\/revisions"}],"predecessor-version":[{"id":4832,"href":"https:\/\/www.insumosambientales.com\/pozos-septicos\/wp-json\/wp\/v2\/pages\/4507\/revisions\/4832"}],"wp:attachment":[{"href":"https:\/\/www.insumosambientales.com\/pozos-septicos\/wp-json\/wp\/v2\/media?parent=4507"}],"curies":[{"name":"wp","href":"https:\/\/api.w.org\/{rel}","templated":true}]}}